 -19).
-12
Calculate -4 + 0 - (-14 - (2 + -3 - -4)).
13
What is the value of 19 - (-16 - -40) - (29 + (8 - 5))?
-37
Calculate 4 + 6 + 5 + -10 + -8.
-3
What is the value of 56 + -61 - (-11 + 0 + 2)?
4
Evaluate (22 + -6 - 2) + -23.
-9
What is -21 - (5 - 4 - (-12 + 8 + 14))?
-12
12 + 4 + 11 + -34
-7
Evaluate -1 - 4 - (0 + -46 - -42).
-1
Calculate 22 - (-10 + 5 + -4 + (-10 - -18)).
23
-28 + 6 - -8 - 18
-32
Evaluate 2 + -3 + -69 + 83.
13
0 + 5 - (2 + 9 - 13)
7
Calculate (-12 + -3 - 17) + 37.
5
8 - (26 - (25 - 13))
-6
What is the value of 11 + -31 + (-7 - 17 - -16)?
-28
What is the value of (4 - 3) + -7 + 2 - 28?
-32
What is the value of 15 + (10 - -8 - 25)?
8
-32 - (11 + -3 - 20 - 3)
-17
36 + -3 - (185 - 179)
27
What is the value of -4 - (1 - -2) - (-3 + 3)?
-7
Calculate -11 - (16 - 28 - (15 - 31)).
-15
What is 5 + (9 - (20 + -21))?
15
What is the value of -28 + (2 - 1) + (292 - 278)?
-13
Calculate (-2 - (-8 + -1) - -2) + 1261 + -1250.
20
What is -118 + 108 + 16 + 0?
6
Calculate (27 - 44) + (-19 - -16).
-20
Calculate -18 - (32 + 29 + -99).
20
What is the value of (-15 - (-1 - 2)) + 8?
-4
Evaluate 3 + -12 - -10 - 1.
0
What is 9 + (-1 - 1) + 8 + -7 + 1?
9
Calculate 7 + 1 + ((-10 - 0) + 11 - 8).
1
What is -4 - (-2 + -2) - -3 - (3 + -3)?
3
What is the value of (11 + -17 - -15) + 0?
9
Calculate 13 - (12 + -11 + 6).
6
What is the value of 6 - (2 - (9 - (2 - 1)))?
12
Evaluate 1 + (6 - (18 + -5)).
-6
0 + 3 + -5 + 6
4
Evaluate -347 + 377 + (-3 - (3 - 6) - -2).
32
What is the value of -16 + 25 + (-1 - 2 - -2)?
8
What is the value of (18 - (61 - 35)) + 1 + 9?
2
Calculate 4 - (-6 + 0) - 7 - 8.
-5
-18 - -16 - -7 - 2
3
Calculate -4 - 1 - (5 - (-3 + 1 + -2)).
-14
Evaluate 17 + -39 + 23 - -12.
13
Evaluate 13 - 1 - (-29 - -30).
11
0 - ((-14 + 5 - -23) + -1)
-13
What is the value of 1311 + -1324 - (5 + -4 - (-6 - -1))?
-19
What is the value of -2 + -3 + 14 + (-19 - -1)?
-9
What is the value of (-6 - (-5 + (-1 - 0))) + (7 - -9)?
16
What is the value of (4 - (-4 + -3 - -17)) + 5?
-1
(-11 - (4 - 2)) + 8 + 10 + -15
-10
What is the value of -65 + 72 + (-1 - (3 - 2))?
5
Calculate (20 + -2 - -8) + -1.
25
Evaluate -5 + (5 - -8) - 1.
7
(0 - (6 + -21)) + -26
-11
Evaluate (10 - (1 - -2)) + -30.
-23
Calculate 1 + 1 - (27 + -12).
-13
Evaluate 8 + -10 + (8 - (-1 + 1)).
6
Evaluate 10 + -11 - (-4 + 10).
-7
What is 19 - (10 - -1 - (127 + -121))?
14
What is -16 + ((3 - -2) + 0 - (41 + -42))?
-10
-10 + (9 - (-3 - -10)) - -8
0
Evaluate 6 + -14 + (-14 - (7 + -39)).
10
What is -3 - 5 - (12 - (2 + -1))?
-19
-4 + -2 + 5 + (-71 - -69)
-3
What is -13 + (-6 + 27 - 3)?
5
-1 + 9 + 6 + (2 - 15)
1
-2 + -6 + (3 - 6)
-11
29 + -3 + -99 + 72 - (-1 - -15)
-15
What is (24 - 16 - 2) + -7?
-1
-3 + (0 - -10) - (-1 + 15)
-7
Evaluate (4 - (5 - 3)) + -5 - (32 + -42).
7
Calculate -2 + (16 + -13 - 22).
-21
What is -13 - -7 - (-22 - -31)?
-15
What is the value of -5 - (-7 - 1 - (-134 - -141))?
10
Calculate -8 + 5 - ((-16 - -9) + (-2 - -2)).
4
Calculate 3 + -7 + (-5 - -5) - -8.
4
12 + -123 + 116 + -1 + 1
5
What is 5 - ((13 - 4) + -22 + 35)?
-17
What is the value of 5 - (-21 + 12 + -15 - -12)?
17
-19 - ((12 - 20) + -3)
-8
What is the value of (0 - -9) + 7 + 7 + -20?
3
What is (6 - 10) + -11 - -17?
2
What is the value of -11 + -27 + 21 + -12?
-29
Calculate -24 + 27 + (-16 - 4).
-17
4 + (6 - (-3 - -7)) + 7
13
(2 - -19) + (412 - 427)
6
What is 13 - -2 - (-14 + 2 - -6 - -5)?
16
-45 - -53 - (10 + -5) - (-1 - 25)
29
What is the value of -10 + 1 + (31 - 21 - -19)?
20
What is the value of (-3 + 4 - 3) + (-8 - -2 - -2)?
-6
What is the value of -16 - ((4 - 19) + (41 - 39))?
-3
What is -115 - -107 - (-16 + 1)?
7
Calculate -1 + 15 - (10 + -2) - -20.
26
What is 12 + 8 + -23 + -6?
-9
What is -64 - -46 - -13 - (15 + 1)?
-21
Evaluate -8 - (-7 + -10) - -3.
12
Calculate -45 + 39 + (-2 - -15).
7
Evaluate 1 + -9 + (5 - (12 + -6)) + 13.
4
What is the value of 26 - (11 - -11) - (24 + 3 + -1)?
-22
What is -18 + -4 + (13 - -2 - (34 + -27))?
-14
Evaluate 2 - (-4 - -5) - -3 - 11.
-7
Evaluate (0 - -13) + 67 + -65.
15
Evaluate 270 - 263 - ((5 - 1) + (8 - 10)).
5
Evaluate (28 - 35) + (0 - -4) + 10.
7
-2 - (-1 - 7 - ((-9 - 23) + 7))
-19
What is the value of 5 - (2 + -6 + (-5 - (-11 - -3)))?
6
What is 28 + (-12 - 0) + -7?
9
Evaluate -5 - (-2 + (0 - (7 - -1))).
5
-6 + -4 + 6 - (6 - 3)
-7
Calculate 2 + (-4 - (6 - 15)).
7
Evaluate -1331 + 1346 + (-18 - 1).
-4
Evaluate 2 + (11 - 2 - 2) + (-2 - 0).
7
What is (-29 - -55) + 0 + -9 + 14?
31
Evaluate -3 + -2 + (6 - (5 - 3)) + 5.
4
What is -5 - (2 + -5 + -3 - (0 - 3))?
-2
Evaluate -2 - (6 + (-8 + 9 - 5)).
-4
Calculate -1 - 0 - (-125 + 119 + 2 + -26).
29
What is the value of 9 - 8 - (-3 + -4)?
8
Evaluate (-4 - -8 - 11) + (10 - 0) + -2.
1
What is (-8 - (-2 + -29)) + -2 - (-3 - -3)?
21
Calculate (-9 - (-1 - (10 + -2))) + 1.
1
Evaluate 233 - 227 - (-2 - -12).
-4
Calculate 40 + -20 + 0 + -1 - 16.
3
Evaluate -44 + 51 + 1 + -22.
-14
-32 + (-16 - (-24 + -2) - -1)
-21
What is the value of 2 - (-4 + (-5 - -16 - (-5 + -1)))?
-11
22 - ((3 - -16) + (-4 - 8))
15
What is the value of -255 - -215 - (-25 + 1)?
-16
Calculate (4 - -1) + -3 - (25 + -15).
-8
Evaluate -16 - -17 - (9 - 18).
10
What is the value of (-3 + 0 - -6 - 0) + -4 + 4?
3
Calculate 16 - (8 - 8 - (7 + -5 + 1)).
19
Calculate 32 - (86 + (-71 - -30)).
-13
Evaluate -13 + -3 + 2 + 13 + 16 + -1.
14
What is the value of -13 + -10 - -40 - 15?
2
Calculate 8 - (-55 + 28 + 18 + (-1 - -1)).
17
-4 + 56 + -68 + 9 + 1
-6
(-3 + 8 - (-1 - -3) - 3) + 13
13
(0 - -1) + (20 - (-7 + 20))
8
What is 37 + (-16 - 2) + -5?
14
(5 - 19) + 18 + -2 - -3
5
Evaluate -22 + 13 + 1 + -11 + 1.
-18
What is 0 + 2 + 4 + -4 + -2 - -8?
8
1 + -6 + 1 - (0 - 16)
12
Calculate (-12 + 6 - 1) + 19 + -8 + 4.
8
What is 2 - ((-14 - (-17 + 13)) + 3)?
9
6 + (7 - 3) + (2 - -4)
16
Calculate -3 + 2 + 7 + -6 + 6 + 4.
10
0 - -27 - (-389 - -406)
10
What is the value of -11 + (14 - 2) + (-3 - (-7 - 1))?
6
12 - (-2 - (-17 - -14))
11
What is -13 - -9 - 36 - -24?
-16
Evaluate 25 - (-5 + 24 + -4).
10
(9 - 17) + (-3 - -6) + -13 + -2
-20
(1 - (23 + -18 - (-1 - -5))) + 5
5
Evaluate 17 - (187 + -173 + (0 - 2)).
5
Calculate -82 + 100 + (1 - 5).
14
8 + 6 + -5 + -9 + 3
3
(-7 - -2 - -10) + 5 - (6 + 4)
0
What is -19 - (-89 + 99 + -1 + 1 + 0)?
-29
Evaluate (-36 - 17) + 46 - (2 - 17).
8
What is 28 + -36 - (-6 + 6 + 8)?
-16
Evaluate (1 - (7 + 0)) + (-11 - -15) + 5.
3
What is (17 - (12 - 2)) + 1?
8
Evaluate (1 - 0 - (56 - 52)) + 26.
23
What is the value of 20 - 5 - (5 + 13) - (-29 - 3)?
29
What is the value of 4 - (14 + 11 + -28) - 9?
-2
What is the value of 9 - (-33 + 27 - -14)?
1
6 + (-19 + 25 + -14 - -5)
3
Calculate -6 + (-6 - -21) + (6 - -1).
16
What is (-3 - 1) + (495 - 498)?
-7
Evaluate (0 - -10) + (0 - 2) + 150 + -143.
15
(59 - 69) + (-11 - -32)
11
Calculate -13 - -9 - (-6 + (6 - 2)) - -9.
7
(-12 - -8) + 1 - (3 + (-16 - 0))
10
What is the value of -9 + (7 + -2 - -4) + -5?
-5
What is the value of (-221 - -230) + -3 + 10 + -2?
14
What is 46 - 44 - (14 - 5)?
-7
What is the value of 6 + 1 + 3 - (-2 + 3 - 0)?
9
9 + -6 - (1 + 1 - -6) - 12
-17
(9 - (24 - 9) - 2) + 2
-6
What is 2 + (4 + -8 - (3 - 7))?
2
19 + -1 + 143 + -140 + (1 - 8)
14
What is 23 + 33 + -53 + -20?
-17
-4 - (-14 + 1 + 15)
-6
What is 0 - -19 - (-14 + 14)?
19
Evaluate 3 + (-9 + -8 + 7 - -19).
12
(-2 - (2 - 6)) + -3 + (45 - 30)
14
What is the value of 35 + (7 - 39) - (1 + (-5 - 1))?
8
What is 15 + (-3 - 21) + 2 + (-14 - 2)?
-23
(-13 + -3 - -6) + 4 - -9
3
(1 - -15) + (-16 - -4 - -3)
7
-35 + -32 + 63 + -4
-8
Calculate -2 + 1 - ((-7 - -23) + -7 + 2).
-12
What is the value of -12 - ((5 - (2 + (7 - 6))) + -8)?
-6
Calculate 42 - (47 - 29) - 21.
3
Calculate -8 - (-19 - 2) - (-10 + 10).
13
Evaluate (-1 - -2) + 107 + -112 + (7 - 21).
-18
What is the value of -21 + (-56 - -20 - -49)?
-8
Evaluate -17 + 11 + 0 + 25 - 19.
0
What is the value of (21 - -3) + (16 + -1 + -9 - 10)?
20
-2 + (-45 - -47) + -4 + 1
-3
(9 - (16 + -10)) + -6
-3
What is the value of 15 - (-23 - -14) - (14 + -4)?
14
What is the value of (10 - 1 - -1 - 20) + 3 - 21?
-28
Calculate 8 + -3 + 1 + (11 + -8 - 3).
6
What is -10 + 7 + 7 - (0 - -12)?
-8
What is the value of -3 - (-3 + 6 - (1 + (-1 - 1)))?
-7
Evaluate -16 + (32 - (-24 + 23)).
17
Evaluate 2 - ((-2 - 8) + (-7 + 4 - -9)).
6
-10 + 11 + -12 - -3
-8
What is